he highest common factor of q and 153.
17
Suppose -4*h + 6*k = 3*k + 119, k = 1. Let t = 47 + h. Suppose -t = 4*o - 62. Calculate the greatest common divisor of 88 and o.
11
Suppose -46*s - 188 = -2*b - 41*s, -4*s + 16 = 0. Let v be (2 - 5)/(0 + -1). Suppose k - 10 = v. What is the highest common divisor of b and k?
13
Let c(s) = 21*s + 70. Let r be c(6). What is the highest common divisor of r and 56?
28
Suppose 137 + 87 = 7*t. Calculate the greatest common factor of 4 and t.
4
Let y be 36/10*(-9 - 1411/(-34)). What is the highest common divisor of y and 18?
9
Let k(y) = y - 12*y**3 - 2*y + 10*y**3 + 25. Let s be k(0). What is the greatest common divisor of 25 and s?
25
Let w = -3 + 32. Suppose 6*x - w = 5*x. Suppose 5*z - 524 = -x. What is the highest common divisor of z and 11?
11
Let q be (-7 - -3)/(2 - (-9)/(-6)). Let n be (6/q)/(670/112 - 6). Calculate the greatest common factor of n and 6.
6
Let t(j) = 14*j**2 - 106*j - 3. Let s be t(8). Calculate the highest common factor of 435 and s.
15
Let l be ((-6 - -21)*-3)/((-1)/1). Calculate the highest common factor of l and 18.
9
Suppose -5*n = -3*k + 38 + 513, 2*n = 2*k - 366. What is the greatest common factor of 56 and k?
14
Let k be ((-45)/(-20))/3*32. Let n be (-2)/(-6) - (-328)/k. What is the greatest common factor of n and 126?
14
Suppose -656 = -f - 3*n, -n = -4*f + 79 + 2519. Calculate the highest common factor of 26 and f.
26
Suppose -203 - 589 = -6*v. Calculate the greatest common factor of 352 and v.
44
Let q(b) = b + 48. Let k be q(-14). Let y = 43 - k. What is the greatest common factor of 27 and y?
9
Let a(k) = 3*k**2 + 2*k - 8. Let r be a(6). Suppose -r = 4*m - 8*m. Suppose -4*i + 28 = 5*q, q = 2*q - i - 2. What is the greatest common factor of m and q?
4
Suppose 0 = 4*d - 3*o - 113, 2*o = -0*d + 4*d - 110. Let i = d + -18. Let z = -96 - -104. Calculate the greatest common divisor of z and i.
8
Suppose 20 = 2*k - 0*k + 4*x, 5*k - 5 = -x. Suppose -9*v = -k*v - 567. Let f = 8 + 1. Calculate the highest common factor of f and v.
9
Let k = 163 + -152. What is the greatest common divisor of k and 385?
11
Let c = -173 + 437. Suppose 0 = -11*t + 5*t + c. Calculate the highest common factor of t and 110.
22
Suppose 31*z - 263 - 357 = 0. What is the highest common divisor of z and 40?
20
Suppose d = o + 3*d - 742, 0 = 5*o + 3*d - 3738. What is the highest common divisor of o and 90?
30
Let k be (75/10 + 0)*10. What is the highest common factor of 30 and k?
15
Let y = 437 + -247. Calculate the highest common factor of y and 50.
10
Suppose 5*u = o + 4 + 31, u + 5*o + 19 = 0. Suppose -2*b + 266 = 2*r + 224, -5*b = 4*r - 108. Calculate the highest common factor of u and b.
6
Let f = -706 + 1097. What is the highest common divisor of 17 and f?
17
Suppose -t - 13 = -93. Calculate the greatest common divisor of t and 60.
20
Let z be (-6)/(-27) - (-68)/18. Let g be (-3)/(-7) + 224/49. Suppose -g*n + 126 + 34 = 0. What is the greatest common factor of z and n?
4
Suppose 30*a = 17*a + 260. Calculate the greatest common factor of 130 and a.
10
Let s(t) = -4*t - 14. Let m be s(-6). Suppose -p + 0*p = -52. Suppose 0 = -3*b + p - m. What is the highest common factor of 112 and b?
14
Suppose -25*t + 28*t - 261 = 0. What is the greatest common divisor of t and 3?
3
Let z be (-2 + -1)*8/12. Let l(s) = s**3 + 4*s**2 + s. Let b be l(z). What is the greatest common factor of b and 12?
6
Suppose -5*p - 17 = -0*w - 4*w, 0 = 4*w + p - 11. Suppose -h + 5 = -w. What is the greatest common factor of 20 and h?
4
Let c = 117 - 123. Let q(w) = -w**3 - w**2 - 2*w - 5. Let l be q(-4). Let p = l + c. Calculate the highest common divisor of 9 and p.
9
Suppose 10 + 41 = 3*q. Let l(h) = 10*h**3 + h**2 + h. Let n be l(-1). Let p = q + n. What is the greatest common factor of 14 and p?
7
Let k(m) = -30*m + 34. Let a be ((-208)/(-24) + -6)*(-6)/4. Let x be k(a). Calculate the greatest common factor of x and 22.
22
Let n be (-3 + 44/8)*2. Suppose p = -4*x + 9, -p = n*x - 0*x - 12. Calculate the highest common factor of x and 2.
1
Let n(p) = -p**2 + 11*p + 19. Let r be n(12). Calculate the highest common divisor of r and 791.
7
Suppose -5*t + 40 = -y - 111, 2*t - 61 = y. Let j = 2 - 8. Let b = j + 21. Calculate the greatest common factor of t and b.
15
Let v(d) = 3*d**2 + 4*d + 3. Let k be v(-2). Let r be (21/4)/(8 - (-122)/(-16)). What is the highest common factor of k and r?
7
Let u be 12*(2 - 1)/3. Suppose -u*s = 2*l - 870, 3*l = -s - l + 228. Suppose -4*w - 48 = -6*w. What is the greatest common factor of w and s?
24
Let o = -334 + 356. What is the greatest common divisor of o and 4?
2
Let f be 3/(9/12)*50. Let p = f + -140. What is the greatest common factor of 20 and p?
20
Let g be (6 - (-1655)/10)*2. Calculate the highest common divisor of 7 and g.
7
Suppose 3*q + q - 20 = 0. Let x = -46 + 86. What is the highest common factor of q and x?
5
Suppose 4*d - 3*z - 30 - 84 = 0, z = -2*d + 62. Calculate the greatest common divisor of d and 30.
30
Suppose 0*v = v - 8. Let x = -10 + v. Let r = x + 15. What is the highest common divisor of r and 26?
13
Let u = 95 - 56. Suppose -2*j - 2*y = 42, 2*j = -3*y - u - 5. Let k = j - -30. Calculate the greatest common factor of 11 and k.
11
Suppose -7*k - 31 = -8*k. Suppose -3*p + 457 = 4*b, -8*b = -4*p - 13*b + 610. What is the greatest common factor of p and k?
31
Let f(a) = 24*a + 6. Let s be f(1). Calculate the greatest common factor of s and 165.
15
Suppose p + 3*p = -2*a + 10, -a = -5*p + 16. Suppose 0 = -2*x + h + 3*h + 70, 0 = p*x - 3*h - 93. Calculate the highest common factor of x and 108.
27
Let u = -609 + 921. What is the greatest common divisor of u and 26?
26
Let k(u) be the second derivative of -u**4/12 - 4*u**3/3 - 13*u**2/2 - 5*u. Let f be k(-6). Let x = f - -8. Calculate the greatest common divisor of 77 and x.
7
Suppose 330 = z - 7*z. Let p = -31 - z. What is the highest common divisor of p and 40?
8
Let b(v) = v**2 - 5*v + 2. Let j be b(5). Let h be (24/(-20))/(j/(-10)). Calculate the highest common factor of 15 and h.
3
Suppose 465 = 13*x + 153. What is the greatest common factor of x and 15?
3
Let q(j) = 2*j**2 + 16*j - 8. Let m(d) = d - 1. Let k(o) = -3*m(o) + q(o). Let w be k(-7). Calculate the highest common factor of w and 8.
2
Let o be (1/2 + 1/(-1))*-16. Calculate the greatest common divisor of 108 and o.
4
Suppose -7*t + 2090 = 12*t. What is the greatest common factor of t and 22?
22
Let h = -302 + 338. What is the highest common factor of 44 and h?
4
Let b = 232 - 128. What is the highest common factor of 16 and b?
8
Let z = 329 - 218. Let j = z + 17. Calculate the greatest common divisor of j and 32.
32
Let x be 10/(2/8 - 0). Let v = -14125 - -14130. What is the highest common divisor of x and v?
5
Suppose 0*w = z + 5*w - 20, 0 = -5*z + 4*w + 71. Suppose 68*g - 1739 = 4381. Calculate the greatest common divisor of z and g.
15
Let h(x) = -x**3 + 5*x**2 - 8*x - 5. Let z(t) = t + 1. Let y(k) = -h(k) - 4*z(k). Let u be y(4). What is the greatest common divisor of u and 5?
1
Let p = -41 - -61. Let c = p + -2. What is the greatest common divisor of 72 and c?
18
Let j be (-3)/9 - 50/(-6). Let t be j/(-10) + (-372)/(-15). Let a(c) = -c**2 + c + 4. Let p be a(0). Calculate the greatest common factor of t and p.
4
Let k = -47 + 83. What is the greatest common divisor of k and 4?
4
Let v(r) = 26*r + 20. Let f be v(4). Calculate the greatest common factor of f and 4.
4
Suppose 0*p + 144 = 3*p. Let x = 2390 - 2374. Calculate the greatest common factor of p and x.
16
Let b(d) = d**3 - 9*d**2 + 2*d - 8. Let f be b(9). Suppose 2*m = -5*h - 2 - 28, -3*m - 62 = -h. Let y = 25 + m. Calculate the greatest common factor of f and y.
5
Suppose -4*f + 16 = n + n, f + 5*n + 5 = 0. Suppose 0 = -5*j + 201 + 44. Let d = -48 + j. Calculate the greatest common divisor of f and d.
1
Let u = 7 + 0. Let q = u + -5. Let j be (-3 - -24)*q/6. What is the greatest common factor of 7 and j?
7
Let d = 411 - 333. What is the highest common divisor of d and 6?
6
Let q be (-2)/(3*(-1)/1518). What is the greatest common factor of q and 88?
44
Let v(c) = 44*c. Let a(m) = 7*m - 2*m + 0*m - 9*m. Let k(n) = -32*a(n) - 3*v(n). Let b be k(-7). Calculate the greatest common divisor of 7 and b.
7
Let